{"id":731,"date":"2020-12-24T15:23:22","date_gmt":"2020-12-24T14:23:22","guid":{"rendered":"https:\/\/preprod.prepasecu.fr\/?page_id=731"},"modified":"2021-01-16T14:57:12","modified_gmt":"2021-01-16T13:57:12","slug":"inscription-a-prepasecu","status":"publish","type":"page","link":"https:\/\/prepasecu.fr\/inscription","title":{"rendered":"T\u00e9l\u00e9charger l&rsquo;application mobile SSIAP \ud83d\udcf1"},"content":{"rendered":"\n<p>Il nous reste un peu de travail pour finaliser l&rsquo;<strong>application mobile SSIAP<\/strong>. Soyez le premier inform\u00e9 \u00e0 la sortie de celle-ci en remplissant le formulaire ci-dessous. <strong>Vos donn\u00e9es resteront confidentielles et ne seront pas commercialis\u00e9es \u00e0 des tiers<\/strong>.<\/p>\n\n\n\n<p>Plus pratique qu&rsquo;un simple livre, l&rsquo;application SSIAP vous permettra:<\/p>\n\n\n\n<ol class=\"wp-block-list\"><li>D\u2019acc\u00e9der \u00e0 des cours<\/li><li>De vous entra\u00eener avec&nbsp;<strong>plus de 500 questions disponibles<\/strong>&nbsp;en QCM<\/li><li>De suivre votre progression<\/li><\/ol>\n\n\n\n<p>Inspir\u00e9e des derni\u00e8res innovations p\u00e9dagogiques, <strong>pour votre r\u00e9ussite<\/strong> \ud83d\udcaa.<\/p>\n\n\n\n<div class=\"wp-block-contact-form-7-contact-form-selector\">\n<div class=\"wpcf7 no-js\" id=\"wpcf7-f660-o1\" lang=\"fr-FR\" dir=\"ltr\">\n<div class=\"screen-reader-response\"><p role=\"status\" aria-live=\"polite\" aria-atomic=\"true\"><\/p> <ul><\/ul><\/div>\n<form action=\"\/index.php?rest_route=%2Fwp%2Fv2%2Fpages%2F731#wpcf7-f660-o1\" method=\"post\" class=\"wpcf7-form init\" aria-label=\"Formulaire de contact\" novalidate=\"novalidate\" data-status=\"init\">\n<div style=\"display: none;\">\n<input type=\"hidden\" name=\"_wpcf7\" value=\"660\" \/>\n<input type=\"hidden\" name=\"_wpcf7_version\" value=\"5.7.7\" \/>\n<input type=\"hidden\" name=\"_wpcf7_locale\" value=\"fr_FR\" \/>\n<input type=\"hidden\" name=\"_wpcf7_unit_tag\" value=\"wpcf7-f660-o1\" \/>\n<input type=\"hidden\" name=\"_wpcf7_container_post\" value=\"0\" \/>\n<input type=\"hidden\" name=\"_wpcf7_posted_data_hash\" value=\"\" \/>\n<\/div>\n<p><label> Votre pr\u00e9nom*<br \/>\n<span class=\"wpcf7-form-control-wrap\" data-name=\"your-fname\"><input size=\"40\" class=\"wpcf7-form-control wpcf7-text wpcf7-validates-as-required\" aria-required=\"true\" aria-invalid=\"false\" value=\"\" type=\"text\" name=\"your-fname\" \/><\/span> <\/label>\n<\/p>\n<p><label> Votre nom*<br \/>\n<span class=\"wpcf7-form-control-wrap\" data-name=\"your-lname\"><input size=\"40\" class=\"wpcf7-form-control wpcf7-text wpcf7-validates-as-required\" aria-required=\"true\" aria-invalid=\"false\" value=\"\" type=\"text\" name=\"your-lname\" \/><\/span> <\/label>\n<\/p>\n<p><label> Votre e-mail*<br \/>\n<span class=\"wpcf7-form-control-wrap\" data-name=\"your-email\"><input size=\"40\" class=\"wpcf7-form-control wpcf7-text wpcf7-email wpcf7-validates-as-required wpcf7-validates-as-email\" aria-required=\"true\" aria-invalid=\"false\" value=\"\" type=\"email\" name=\"your-email\" \/><\/span> <\/label>\n<\/p>\n<p><label> Objectif*<br \/>\n<span class=\"wpcf7-form-control-wrap\" data-name=\"menu-563\"><select class=\"wpcf7-form-control wpcf7-select wpcf7-validates-as-required\" aria-required=\"true\" aria-invalid=\"false\" name=\"menu-563\"><option value=\"SSIAP 1 - Formation initiale\">SSIAP 1 - Formation initiale<\/option><option value=\"SSIAP 1 - Recyclage\">SSIAP 1 - Recyclage<\/option><option value=\"SSIAP 1 - Maintien des connaissances\">SSIAP 1 - Maintien des connaissances<\/option><option value=\"SSIAP 2 - Formation initiale\">SSIAP 2 - Formation initiale<\/option><option value=\"SSIAP 2 - Recyclage\">SSIAP 2 - Recyclage<\/option><option value=\"SSIAP 2 - Maintien des connaissances\">SSIAP 2 - Maintien des connaissances<\/option><option value=\"SSIAP 3 - Formation initiale\">SSIAP 3 - Formation initiale<\/option><option value=\"SSIAP 3 - Recyclage\">SSIAP 3 - Recyclage<\/option><option value=\"SSIAP 3 - Maintien des connaissances\">SSIAP 3 - Maintien des connaissances<\/option><option value=\"TFP APS\">TFP APS<\/option><option value=\"MAC APS\">MAC APS<\/option><option value=\"Autre\">Autre<\/option><\/select><\/span> <\/label>\n<\/p>\n<p><label> Type de t\u00e9l\u00e9phone*<br \/>\n<span class=\"wpcf7-form-control-wrap\" data-name=\"menu-564\"><select class=\"wpcf7-form-control wpcf7-select wpcf7-validates-as-required\" aria-required=\"true\" aria-invalid=\"false\" name=\"menu-564\"><option value=\"Apple\">Apple<\/option><option value=\"Android\">Android<\/option><\/select><\/span> <\/label>\n<\/p>\n<p><label> Vous \u00eates*<br \/>\n<span class=\"wpcf7-form-control-wrap\" data-name=\"menu-807\"><select class=\"wpcf7-form-control wpcf7-select wpcf7-validates-as-required\" aria-required=\"true\" aria-invalid=\"false\" name=\"menu-807\"><option value=\"Un particulier\">Un particulier<\/option><option value=\"Un centre de formation\">Un centre de formation<\/option><option value=\"Une entreprise\">Une entreprise<\/option><option value=\"Autre\">Autre<\/option><\/select><\/span><br \/>\n<\/label>\n<\/p>\n<p><input class=\"wpcf7-form-control has-spinner wpcf7-submit\" type=\"submit\" value=\"Envoyer\" \/>\n<\/p><p style=\"display: none !important;\"><label>&#916;<textarea name=\"_wpcf7_ak_hp_textarea\" cols=\"45\" rows=\"8\" maxlength=\"100\"><\/textarea><\/label><input type=\"hidden\" id=\"ak_js_1\" name=\"_wpcf7_ak_js\" value=\"3\"\/><script>document.getElementById( \"ak_js_1\" ).setAttribute( \"value\", ( new Date() ).getTime() );<\/script><\/p><div class=\"wpcf7-response-output\" aria-hidden=\"true\"><\/div>\n<\/form>\n<\/div>\n<\/div>\n","protected":false},"excerpt":{"rendered":"<p>Il nous reste un peu de travail pour finaliser l&rsquo;application mobile SSIAP. Soyez le premier inform\u00e9 \u00e0 la sortie de celle-ci en remplissant le formulaire ci-dessous. Vos donn\u00e9es resteront confidentielles et ne seront pas commercialis\u00e9es \u00e0 des tiers. Plus pratique qu&rsquo;un simple livre, l&rsquo;application SSIAP vous permettra: D\u2019acc\u00e9der \u00e0 des cours De vous entra\u00eener avec&nbsp;plus [&hellip;]<\/p>\n","protected":false},"author":1,"featured_media":0,"parent":0,"menu_order":0,"comment_status":"closed","ping_status":"closed","template":"","meta":{"_uag_custom_page_level_css":"","_genesis_hide_title":false,"_genesis_hide_breadcrumbs":false,"_genesis_hide_singular_image":false,"_genesis_hide_footer_widgets":false,"_genesis_custom_body_class":"","_genesis_custom_post_class":"","_genesis_layout":"","footnotes":""},"class_list":{"0":"post-731","1":"page","2":"type-page","3":"status-publish","5":"entry"},"aioseo_notices":[],"featured_image_src":null,"featured_image_src_square":null,"uagb_featured_image_src":{"full":false,"thumbnail":false,"medium":false,"medium_large":false,"large":false,"1536x1536":false,"2048x2048":false,"sidebar-featured":false,"genesis-singular-images":false,"gb-block-post-grid-landscape":false,"gb-block-post-grid-square":false,"yarpp-thumbnail":false},"uagb_author_info":{"display_name":"Matthis","author_link":"https:\/\/prepasecu.fr\/?author=1"},"uagb_comment_info":0,"uagb_excerpt":"Il nous reste un peu de travail pour finaliser l&rsquo;application mobile SSIAP. Soyez le premier inform\u00e9 \u00e0 la sortie de celle-ci en remplissant le formulaire ci-dessous. Vos donn\u00e9es resteront confidentielles et ne seront pas commercialis\u00e9es \u00e0 des tiers. Plus pratique qu&rsquo;un simple livre, l&rsquo;application SSIAP vous permettra: D\u2019acc\u00e9der \u00e0 des cours De vous entra\u00eener avec&nbsp;plus\u2026","_links":{"self":[{"href":"https:\/\/prepasecu.fr\/index.php?rest_route=\/wp\/v2\/pages\/731"}],"collection":[{"href":"https:\/\/prepasecu.fr\/index.php?rest_route=\/wp\/v2\/pages"}],"about":[{"href":"https:\/\/prepasecu.fr\/index.php?rest_route=\/wp\/v2\/types\/page"}],"author":[{"embeddable":true,"href":"https:\/\/prepasecu.fr\/index.php?rest_route=\/wp\/v2\/users\/1"}],"replies":[{"embeddable":true,"href":"https:\/\/prepasecu.fr\/index.php?rest_route=%2Fwp%2Fv2%2Fcomments&post=731"}],"version-history":[{"count":0,"href":"https:\/\/prepasecu.fr\/index.php?rest_route=\/wp\/v2\/pages\/731\/revisions"}],"wp:attachment":[{"href":"https:\/\/prepasecu.fr\/index.php?rest_route=%2Fwp%2Fv2%2Fmedia&parent=731"}],"curies":[{"name":"wp","href":"https:\/\/api.w.org\/{rel}","templated":true}]}}