{"id":490,"date":"2020-11-24T21:20:46","date_gmt":"2020-11-24T20:20:46","guid":{"rendered":"https:\/\/preprod.prepasecu.fr\/?p=490"},"modified":"2023-07-03T14:03:22","modified_gmt":"2023-07-03T12:03:22","slug":"entrainez-vous-et-realisez-des-tests-qcm-ssiap-2-en-ligne","status":"publish","type":"page","link":"https:\/\/prepasecu.fr\/ssiap-2\/qcm\/entrainement\/gratuit","title":{"rendered":"Entra\u00eenez-vous et r\u00e9alisez des tests QCM SSIAP 2 en ligne"},"content":{"rendered":"\n<h2 class=\"wp-block-heading\">L&rsquo;\u00e9preuve th\u00e9orique du SSIAP 2 : rappel<\/h2>\n\n\n\n<p>La partie th\u00e9orique du SSIAP 2 est un <strong>QCM de 40 questions<\/strong> (contre 30 pour le <a href=\"https:\/\/prepasecu.fr\/ssiap-1\/qcm\/entrainement\/gratuit\/\" title=\"Entra\u00eenez-vous et r\u00e9alisez des tests QCM SSIAP 1 en ligne\">SSIAP\u00a01<\/a>) portant toutes sur l\u2019ensemble du programme de la formation SSIAP\u00a02.<\/p>\n\n\n\n<h3 class=\"wp-block-heading\">QCM SSIAP 2 \u2013 S\u00e9rie n\u00b01 \ud83d\udc47<\/h3>\n\n\n<div class=\"wp-block-image\">\n<figure class=\"aligncenter size-full\"><a href=\"https:\/\/prepasecu.fr\/ssiap-2\/qcm\/entrainement\/gratuit\/serie-1\/\" target=\"_blank\" rel=\"noopener\"><img loading=\"lazy\" decoding=\"async\" width=\"1024\" height=\"562\" src=\"https:\/\/prepasecu.fr\/wp-content\/uploads\/2023\/07\/ssiap-2-qcm-serie-1-1024x562-2.png\" alt=\"\" class=\"wp-image-2382\" srcset=\"https:\/\/prepasecu.fr\/wp-content\/uploads\/2023\/07\/ssiap-2-qcm-serie-1-1024x562-2.png 1024w, https:\/\/prepasecu.fr\/wp-content\/uploads\/2023\/07\/ssiap-2-qcm-serie-1-1024x562-2-300x165.png 300w, https:\/\/prepasecu.fr\/wp-content\/uploads\/2023\/07\/ssiap-2-qcm-serie-1-1024x562-2-768x422.png 768w\" sizes=\"(max-width: 1024px) 100vw, 1024px\" \/><\/a><\/figure><\/div>\n\n\n<div class=\"wp-block-genesis-blocks-gb-container gb-block-container\"><div class=\"gb-container-inside\"><div class=\"gb-container-content\"><\/div><\/div><\/div>\n\n\n\n<h3 class=\"wp-block-heading\">QCM SSIAP 2 \u2013 S\u00e9rie n\u00b02 \ud83d\udc47<\/h3>\n\n\n<div class=\"wp-block-image\">\n<figure class=\"aligncenter size-full\"><a href=\"https:\/\/prepasecu.fr\/ssiap-2\/qcm\/entrainement\/gratuit\/serie-2\/\" target=\"_blank\" rel=\"noopener\"><img loading=\"lazy\" decoding=\"async\" width=\"1024\" height=\"562\" src=\"https:\/\/prepasecu.fr\/wp-content\/uploads\/2023\/07\/ssiap-2-qcm-serie-2-1024x562-2.png\" alt=\"\" class=\"wp-image-2383\" srcset=\"https:\/\/prepasecu.fr\/wp-content\/uploads\/2023\/07\/ssiap-2-qcm-serie-2-1024x562-2.png 1024w, https:\/\/prepasecu.fr\/wp-content\/uploads\/2023\/07\/ssiap-2-qcm-serie-2-1024x562-2-300x165.png 300w, https:\/\/prepasecu.fr\/wp-content\/uploads\/2023\/07\/ssiap-2-qcm-serie-2-1024x562-2-768x422.png 768w\" sizes=\"(max-width: 1024px) 100vw, 1024px\" \/><\/a><\/figure><\/div>\n\n\n<h3 class=\"wp-block-heading\">QCM SSIAP 2 \u2013 S\u00e9rie n\u00b03 \ud83d\udc47<\/h3>\n\n\n<div class=\"wp-block-image\">\n<figure class=\"aligncenter size-full\"><a href=\"https:\/\/prepasecu.fr\/ssiap-2\/qcm\/entrainement\/gratuit\/serie-3\/\" target=\"_blank\" rel=\"noopener\"><img loading=\"lazy\" decoding=\"async\" width=\"1024\" height=\"562\" src=\"https:\/\/prepasecu.fr\/wp-content\/uploads\/2023\/07\/ssiap-2-qcm-serie-3-1024x562-2.png\" alt=\"\" class=\"wp-image-2384\" srcset=\"https:\/\/prepasecu.fr\/wp-content\/uploads\/2023\/07\/ssiap-2-qcm-serie-3-1024x562-2.png 1024w, https:\/\/prepasecu.fr\/wp-content\/uploads\/2023\/07\/ssiap-2-qcm-serie-3-1024x562-2-300x165.png 300w, https:\/\/prepasecu.fr\/wp-content\/uploads\/2023\/07\/ssiap-2-qcm-serie-3-1024x562-2-768x422.png 768w\" sizes=\"(max-width: 1024px) 100vw, 1024px\" \/><\/a><\/figure><\/div>\n\n\n<h2 class=\"wp-block-heading\">Examen du SSIAP&nbsp;2&nbsp;: l\u2019\u00e9preuve th\u00e9orique<\/h2>\n\n\n\n<p>Le SSIAP&nbsp;2 est le 2<sup>e<\/sup> \u00e9chelon du SSIAP (Service de S\u00e9curit\u00e9 Incendie et d\u2019Assistance aux Personnes) qui en comporte 3 au total. Toute personne titulaire du SSIAP&nbsp;2 peut devenir <strong>chef d\u2019\u00e9quipe de service de s\u00e9curit\u00e9 incendie<\/strong>. Pour <strong>obtenir le SSIAP&nbsp;2<\/strong>, il faut passer un examen qui se compose de 3 \u00e9preuves&nbsp;: une \u00e9preuve \u00e9crite (le QCM), une \u00e9preuve orale et une \u00e9preuve pratique. <\/p>\n\n\n\n<h2 class=\"wp-block-heading\">S\u2019entra\u00eener avec des s\u00e9ries de QCM SSIAP 2 gratuites<\/h2>\n\n\n\n<p>Le SSIAP&nbsp;2 est le 2<sup>e<\/sup> \u00e9chelon du SSIAP (Service de S\u00e9curit\u00e9 Incendie et d\u2019Assistance aux Personnes) qui en comporte 3 au total. Toute personne titulaire du SSIAP&nbsp;2 peut devenir <strong>chef d\u2019\u00e9quipe de service de s\u00e9curit\u00e9 incendie<\/strong>. Pour <strong>obtenir le SSIAP&nbsp;2<\/strong>, il faut passer un examen qui se compose de 3 \u00e9preuves&nbsp;: une \u00e9preuve \u00e9crite (le QCM), une \u00e9preuve orale et une \u00e9preuve pratique. La partie th\u00e9orique qui nous int\u00e9resse ici est un <strong>QCM de 40 questions<\/strong> (contre 30 pour le SSIAP&nbsp;1) portant toutes sur l\u2019ensemble du programme de la formation SSIAP&nbsp;2.<\/p>\n\n\n\n<h2 class=\"wp-block-heading\">Le QCM du SSIAP&nbsp;2&nbsp;: rappel<\/h2>\n\n\n\n<p>Vous avez pour ambition de <strong>devenir chef d\u2019\u00e9quipe<\/strong> au sein d\u2019un PC (Poste Central) de s\u00e9curit\u00e9 incendie en ERP (\u00c9tablissement Recevant du Public) ou en IGH (Immeuble de Grande Hauteur). Il faut donc vous pr\u00e9parer \u00e0 passer l\u2019examen du SSIAP&nbsp;2 et plus particuli\u00e8rement l\u2019\u00e9preuve th\u00e9orique du QCM. La formation SSIAP&nbsp;2 comporte de nombreuses notions \u00e0 conna\u00eetre ainsi qu\u2019un lexique \u00e0 ma\u00eetriser. Voici les quatre parties principales du SSIAP&nbsp;2&nbsp;:<\/p>\n\n\n\n<ul class=\"wp-block-list\">\n<li>Les r\u00f4les et missions du chef d\u2019\u00e9quipe\u2009;<\/li>\n\n\n\n<li>La manipulation du syst\u00e8me de s\u00e9curit\u00e9 incendie\u2009;<\/li>\n\n\n\n<li>L\u2019hygi\u00e8ne et la s\u00e9curit\u00e9 en mati\u00e8re de s\u00e9curit\u00e9 incendie\u2009;<\/li>\n\n\n\n<li>La gestion du poste central de s\u00e9curit\u00e9 en situation de gestion de crise.<\/li>\n<\/ul>\n\n\n\n<h2 class=\"wp-block-heading\">La validation de l\u2019\u00e9preuve th\u00e9orique du SSIAP&nbsp;2<\/h2>\n\n\n\n<p>L\u2019\u00e9valuation de vos connaissances se fait par le biais d\u2019un QCM de 40 questions. Muni d\u2019un bo\u00eetier comme lors de l\u2019\u00e9preuve du Code de la route, vous disposez de 40 minutes pour r\u00e9pondre. Il vous faut donc \u00eatre tr\u00e8s r\u00e9actif et ma\u00eetriser parfaitement les connaissances attendues pour r\u00e9pondre correctement et rapidement. Comme pour le SSIAP&nbsp;1, l\u2019\u00e9preuve est valid\u00e9e si vous obtenez une note minimum de 12\/20. En cas d\u2019\u00e9chec, vous avez la possibilit\u00e9 de repasser cette \u00e9preuve dans l\u2019ann\u00e9e tout en conservant le b\u00e9n\u00e9fice des \u00e9preuves d\u00e9j\u00e0 valid\u00e9es.&nbsp;<\/p>\n\n\n\n<p>Ce contenu p\u00e9dagogique est disponible en acc\u00e8s libre et est conforme \u00e0 l&rsquo;<a href=\"https:\/\/www.legifrance.gouv.fr\/loda\/id\/JORFTEXT000000448223\/2021-01-12\/\" target=\"_blank\" rel=\"noreferrer noopener nofollow\" title=\"https:\/\/www.legifrance.gouv.fr\/loda\/id\/JORFTEXT000000448223\/2021-01-12\/\">Arr\u00eat\u00e9 du 2 mai 2005<\/a>.<\/p>\n\n\n\n<h2 class=\"wp-block-heading\"><strong>Envie d\u2019aller plus loin ?<\/strong><\/h2>\n\n\n\n<ul class=\"wp-block-list\">\n<li>Retrouvez nos <a href=\"https:\/\/prepasecu.fr\/ssiap-2\/cours\/\" title=\"Cours SSIAP 2 en ligne\">cours SSIAP 2<\/a><\/li>\n\n\n\n<li>Entra\u00eenez vous \u00e0 des <a href=\"https:\/\/prepasecu.fr\/ssiap-2\/cas-pratique\/entrainement\/gratuit\/\" title=\"Entra\u00eenez-vous et r\u00e9alisez des cas pratiques SSIAP 2 en ligne\">cas pratiques SSIAP 2<\/a><\/li>\n\n\n\n<li>Le <a href=\"https:\/\/prepasecu.fr\/ssiap-2\/formation-initiale\/examen\/\" title=\"\">guide complet du SSIAP 2<\/a> en formation initiale<\/li>\n<\/ul>\n","protected":false},"excerpt":{"rendered":"<p>L&rsquo;\u00e9preuve th\u00e9orique du SSIAP 2 : rappel La partie th\u00e9orique du SSIAP 2 est un QCM de 40 questions (contre 30 pour le SSIAP\u00a01) portant toutes sur l\u2019ensemble du programme de la formation SSIAP\u00a02. QCM SSIAP 2 \u2013 S\u00e9rie n\u00b01 \ud83d\udc47 QCM SSIAP 2 \u2013 S\u00e9rie n\u00b02 \ud83d\udc47 QCM SSIAP 2 \u2013 S\u00e9rie n\u00b03 \ud83d\udc47 [&hellip;]<\/p>\n","protected":false},"author":1,"featured_media":0,"parent":607,"menu_order":0,"comment_status":"open","ping_status":"closed","template":"","meta":{"_uag_custom_page_level_css":"","_genesis_hide_title":false,"_genesis_hide_breadcrumbs":false,"_genesis_hide_singular_image":false,"_genesis_hide_footer_widgets":false,"_genesis_custom_body_class":"","_genesis_custom_post_class":"","_genesis_layout":"full-width-content","footnotes":""},"class_list":{"0":"post-490","1":"page","2":"type-page","3":"status-publish","5":"entry"},"aioseo_notices":[],"featured_image_src":null,"featured_image_src_square":null,"uagb_featured_image_src":{"full":false,"thumbnail":false,"medium":false,"medium_large":false,"large":false,"1536x1536":false,"2048x2048":false,"sidebar-featured":false,"genesis-singular-images":false,"gb-block-post-grid-landscape":false,"gb-block-post-grid-square":false,"yarpp-thumbnail":false},"uagb_author_info":{"display_name":"Matthis","author_link":"https:\/\/prepasecu.fr\/?author=1"},"uagb_comment_info":0,"uagb_excerpt":"L&rsquo;\u00e9preuve th\u00e9orique du SSIAP 2 : rappel La partie th\u00e9orique du SSIAP 2 est un QCM de 40 questions (contre 30 pour le SSIAP\u00a01) portant toutes sur l\u2019ensemble du programme de la formation SSIAP\u00a02. QCM SSIAP 2 \u2013 S\u00e9rie n\u00b01 \ud83d\udc47 QCM SSIAP 2 \u2013 S\u00e9rie n\u00b02 \ud83d\udc47 QCM SSIAP 2 \u2013 S\u00e9rie n\u00b03 \ud83d\udc47\u2026","_links":{"self":[{"href":"https:\/\/prepasecu.fr\/index.php?rest_route=\/wp\/v2\/pages\/490"}],"collection":[{"href":"https:\/\/prepasecu.fr\/index.php?rest_route=\/wp\/v2\/pages"}],"about":[{"href":"https:\/\/prepasecu.fr\/index.php?rest_route=\/wp\/v2\/types\/page"}],"author":[{"embeddable":true,"href":"https:\/\/prepasecu.fr\/index.php?rest_route=\/wp\/v2\/users\/1"}],"replies":[{"embeddable":true,"href":"https:\/\/prepasecu.fr\/index.php?rest_route=%2Fwp%2Fv2%2Fcomments&post=490"}],"version-history":[{"count":0,"href":"https:\/\/prepasecu.fr\/index.php?rest_route=\/wp\/v2\/pages\/490\/revisions"}],"up":[{"embeddable":true,"href":"https:\/\/prepasecu.fr\/index.php?rest_route=\/wp\/v2\/pages\/607"}],"wp:attachment":[{"href":"https:\/\/prepasecu.fr\/index.php?rest_route=%2Fwp%2Fv2%2Fmedia&parent=490"}],"curies":[{"name":"wp","href":"https:\/\/api.w.org\/{rel}","templated":true}]}}