{"id":357,"date":"2020-11-14T22:59:24","date_gmt":"2020-11-14T21:59:24","guid":{"rendered":"https:\/\/preprod.prepasecu.fr\/?page_id=357"},"modified":"2023-07-04T12:46:57","modified_gmt":"2023-07-04T10:46:57","slug":"ssiap-1-referentiel-pedagogique","status":"publish","type":"page","link":"https:\/\/prepasecu.fr\/ssiap-1\/formation-initiale\/referentiel-pedagogique-2023","title":{"rendered":"R\u00e9f\u00e9rentiel p\u00e9dagogique SSIAP 1 &#8211; Version 2023"},"content":{"rendered":"\n<p>Le r\u00e9f\u00e9rentiel p\u00e9dagogique du&nbsp;<a href=\"https:\/\/prepasecu.fr\/ssiap-1\/formation-initiale\/\" title=\"\">SSIAP 1<\/a>&nbsp;comporte 5 parties, toutes d\u00e9coup\u00e9es en s\u00e9quences dont voici le d\u00e9tail&nbsp;:<\/p>\n\n\n\n<div id=\"ez-toc-container\" class=\"ez-toc-v2_0_50 counter-hierarchy ez-toc-counter ez-toc-grey ez-toc-container-direction\">\n<div class=\"ez-toc-title-container\">\n<p class=\"ez-toc-title\">Sommaire<\/p>\n<span class=\"ez-toc-title-toggle\"><a href=\"#\" class=\"ez-toc-pull-right ez-toc-btn ez-toc-btn-xs ez-toc-btn-default ez-toc-toggle\" aria-label=\"Toggle Table of Content\" role=\"button\"><label for=\"item-69d0555d6a3e0\" aria-hidden=\"true\"><span style=\"display: flex;align-items: center;width: 35px;height: 30px;justify-content: center;direction:ltr;\"><svg style=\"fill: #999;color:#999\" xmlns=\"http:\/\/www.w3.org\/2000\/svg\" class=\"list-377408\" width=\"20px\" height=\"20px\" viewBox=\"0 0 24 24\" fill=\"none\"><path d=\"M6 6H4v2h2V6zm14 0H8v2h12V6zM4 11h2v2H4v-2zm16 0H8v2h12v-2zM4 16h2v2H4v-2zm16 0H8v2h12v-2z\" fill=\"currentColor\"><\/path><\/svg><svg style=\"fill: #999;color:#999\" class=\"arrow-unsorted-368013\" xmlns=\"http:\/\/www.w3.org\/2000\/svg\" width=\"10px\" height=\"10px\" viewBox=\"0 0 24 24\" version=\"1.2\" baseProfile=\"tiny\"><path d=\"M18.2 9.3l-6.2-6.3-6.2 6.3c-.2.2-.3.4-.3.7s.1.5.3.7c.2.2.4.3.7.3h11c.3 0 .5-.1.7-.3.2-.2.3-.5.3-.7s-.1-.5-.3-.7zM5.8 14.7l6.2 6.3 6.2-6.3c.2-.2.3-.5.3-.7s-.1-.5-.3-.7c-.2-.2-.4-.3-.7-.3h-11c-.3 0-.5.1-.7.3-.2.2-.3.5-.3.7s.1.5.3.7z\"\/><\/svg><\/span><\/label><input  type=\"checkbox\" id=\"item-69d0555d6a3e0\"><\/a><\/span><\/div>\n<nav><ul class='ez-toc-list ez-toc-list-level-1 ' ><li class='ez-toc-page-1 ez-toc-heading-level-2'><a class=\"ez-toc-link ez-toc-heading-1\" href=\"https:\/\/prepasecu.fr\/ssiap-1\/formation-initiale\/referentiel-pedagogique-2023\/#Les_differentes_parties_du_programme_pedagogique_du_SSIAP_1\" title=\"Les diff\u00e9rentes parties du programme p\u00e9dagogique du SSIAP 1\">Les diff\u00e9rentes parties du programme p\u00e9dagogique du SSIAP 1<\/a><\/li><li class='ez-toc-page-1 ez-toc-heading-level-2'><a class=\"ez-toc-link ez-toc-heading-2\" href=\"https:\/\/prepasecu.fr\/ssiap-1\/formation-initiale\/referentiel-pedagogique-2023\/#1ere_partie_Le_feu_et_ses_consequences\" title=\"1\u00e8re partie&nbsp;: Le feu et ses cons\u00e9quences\">1\u00e8re partie&nbsp;: Le feu et ses cons\u00e9quences<\/a><\/li><li class='ez-toc-page-1 ez-toc-heading-level-2'><a class=\"ez-toc-link ez-toc-heading-3\" href=\"https:\/\/prepasecu.fr\/ssiap-1\/formation-initiale\/referentiel-pedagogique-2023\/#2e_partie_Securite_incendie\" title=\"2e partie&nbsp;: S\u00e9curit\u00e9 incendie\">2e partie&nbsp;: S\u00e9curit\u00e9 incendie<\/a><\/li><li class='ez-toc-page-1 ez-toc-heading-level-2'><a class=\"ez-toc-link ez-toc-heading-4\" href=\"https:\/\/prepasecu.fr\/ssiap-1\/formation-initiale\/referentiel-pedagogique-2023\/#3e_partie_installations_techniques\" title=\"3e partie&nbsp;: installations techniques\">3e partie&nbsp;: installations techniques<\/a><\/li><li class='ez-toc-page-1 ez-toc-heading-level-2'><a class=\"ez-toc-link ez-toc-heading-5\" href=\"https:\/\/prepasecu.fr\/ssiap-1\/formation-initiale\/referentiel-pedagogique-2023\/#4e_partie_roles_et_missions_des_agents_de_securite_incendie\" title=\"4e partie&nbsp;: r\u00f4les et missions des agents de s\u00e9curit\u00e9 incendie\">4e partie&nbsp;: r\u00f4les et missions des agents de s\u00e9curit\u00e9 incendie<\/a><\/li><li class='ez-toc-page-1 ez-toc-heading-level-2'><a class=\"ez-toc-link ez-toc-heading-6\" href=\"https:\/\/prepasecu.fr\/ssiap-1\/formation-initiale\/referentiel-pedagogique-2023\/#5e_partie_concretisation_des_acquis\" title=\"5e partie&nbsp;: concr\u00e9tisation des acquis\">5e partie&nbsp;: concr\u00e9tisation des acquis<\/a><\/li><\/ul><\/nav><\/div>\n<h2 class=\"wp-block-heading\"><span class=\"ez-toc-section\" id=\"Les_differentes_parties_du_programme_pedagogique_du_SSIAP_1\"><\/span>Les diff\u00e9rentes parties du programme p\u00e9dagogique du SSIAP 1<span class=\"ez-toc-section-end\"><\/span><\/h2>\n\n\n\n<p>Pour r\u00e9ussir l\u2019<strong><a href=\"https:\/\/prepasecu.fr\/ssiap-1\/formation-initiale\/examen\/\" title=\"\">examen du SSIAP 1<\/a><\/strong> et obtenir ainsi sa certification pour devenir agent de s\u00e9curit\u00e9 incendie, il est indispensable de ma\u00eetriser les connaissances et comp\u00e9tences du programme de la formation SSIAP 1. Pour \u00eatre pr\u00eat le jour de l\u2019examen, vous devrez avoir assimil\u00e9 le contenu de la formation SSIAP 1. Le r\u00e9f\u00e9rentiel p\u00e9dagogique du SSIAP 1 couvre les diff\u00e9rentes th\u00e9matiques li\u00e9es \u00e0 la pratique du <a href=\"https:\/\/prepasecu.fr\/ssiap-1\/formation-initiale\/\" title=\"Formation initiale SSIAP 1 : Agent de s\u00e9curit\u00e9 incendie\">m\u00e9tier d\u2019agent de s\u00e9curit\u00e9 incendie<\/a>.<\/p>\n\n\n\n<p>Cette formation est d\u00e9coup\u00e9e en 5 parties. Chaque partie a un objectif bien sp\u00e9cifique.&nbsp;<\/p>\n\n\n\n<p>Une partie est elle-m\u00eame d\u00e9coup\u00e9e en s\u00e9quences. La dur\u00e9e totale de la formation SSIAP 1 est de 67 heures, visites applicatives comprises et hors temps de d\u00e9placement pour se rendre dans les \u00e9tablissements.<\/p>\n\n\n\n<h2 class=\"wp-block-heading\"><span class=\"ez-toc-section\" id=\"1ere_partie_Le_feu_et_ses_consequences\"><\/span>1<sup>\u00e8re<\/sup> partie&nbsp;: Le feu et ses cons\u00e9quences<span class=\"ez-toc-section-end\"><\/span><\/h2>\n\n\n\n<p>Dur\u00e9e&nbsp;: 6 heures \/ 2 s\u00e9quences<\/p>\n\n\n\n<ul class=\"wp-block-list\">\n<li>le feu<\/li>\n\n\n\n<li>comportement au feu<\/li>\n<\/ul>\n\n\n\n<h2 class=\"wp-block-heading\"><span class=\"ez-toc-section\" id=\"2e_partie_Securite_incendie\"><\/span>2<sup>e<\/sup> partie&nbsp;: S\u00e9curit\u00e9 incendie<span class=\"ez-toc-section-end\"><\/span><\/h2>\n\n\n\n<p>Dur\u00e9e 17 heures \/ 8 s\u00e9quences<\/p>\n\n\n\n<ul class=\"wp-block-list\">\n<li>principes de classement des \u00e9tablissements<\/li>\n\n\n\n<li>fondamentaux et principes g\u00e9n\u00e9raux de s\u00e9curit\u00e9 incendie<\/li>\n\n\n\n<li>desserte des b\u00e2timents<\/li>\n\n\n\n<li>cloisonnement d&rsquo;isolation des risques<\/li>\n\n\n\n<li>\u00e9vacuation du public et des occupants<\/li>\n\n\n\n<li>d\u00e9senfumage<\/li>\n\n\n\n<li>\u00e9clairage de s\u00e9curit\u00e9<\/li>\n\n\n\n<li>pr\u00e9sentation des diff\u00e9rents moyens de secours<\/li>\n<\/ul>\n\n\n\n<h2 class=\"wp-block-heading\"><span class=\"ez-toc-section\" id=\"3e_partie_installations_techniques\"><\/span>3e partie&nbsp;: installations techniques<span class=\"ez-toc-section-end\"><\/span><\/h2>\n\n\n\n<p>Dur\u00e9e&nbsp;: 9 heures \/ 5 s\u00e9quences<\/p>\n\n\n\n<ul class=\"wp-block-list\">\n<li>installations \u00e9lectriques<\/li>\n\n\n\n<li>ascenseurs et nacelles<\/li>\n\n\n\n<li>installations fixes d&rsquo;extinction automatique<\/li>\n\n\n\n<li>colonnes s\u00e8ches et humides<\/li>\n\n\n\n<li>syst\u00e8me de s\u00e9curit\u00e9 incendie<\/li>\n<\/ul>\n\n\n\n<h2 class=\"wp-block-heading\"><span class=\"ez-toc-section\" id=\"4e_partie_roles_et_missions_des_agents_de_securite_incendie\"><\/span>4<sup>e<\/sup> partie&nbsp;: r\u00f4les et missions des agents de s\u00e9curit\u00e9 incendie<span class=\"ez-toc-section-end\"><\/span><\/h2>\n\n\n\n<p>Dur\u00e9e&nbsp;: 18 heures \/ 7 s\u00e9quences<\/p>\n\n\n\n<ul class=\"wp-block-list\">\n<li>le service de s\u00e9curit\u00e9<\/li>\n\n\n\n<li>pr\u00e9sentation des consignes de s\u00e9curit\u00e9 et main courante<\/li>\n\n\n\n<li>poste de s\u00e9curit\u00e9<\/li>\n\n\n\n<li>rondes de s\u00e9curit\u00e9 et surveillance des travaux<\/li>\n\n\n\n<li>mise en \u0153uvre des moyens d&rsquo;extinction<\/li>\n\n\n\n<li>appel et r\u00e9ception des services publics de secours<\/li>\n\n\n\n<li>sensibilisation des occupants<\/li>\n<\/ul>\n\n\n\n<h2 class=\"wp-block-heading\"><span class=\"ez-toc-section\" id=\"5e_partie_concretisation_des_acquis\"><\/span>5<sup>e<\/sup> partie&nbsp;: concr\u00e9tisation des acquis<span class=\"ez-toc-section-end\"><\/span><\/h2>\n\n\n\n<p>Dur\u00e9e&nbsp;: 17 heures \/ 2 s\u00e9quences<\/p>\n\n\n\n<ul class=\"wp-block-list\">\n<li>visites applicatives<\/li>\n\n\n\n<li>mises en situation d&rsquo;intervention<\/li>\n<\/ul>\n\n\n\n<p>Gr\u00e2ce \u00e0 ses <a href=\"https:\/\/prepasecu.fr\/ssiap-1\/qcm\/entrainement\/gratuit\/\" title=\"\">s\u00e9ries gratuites de QCM<\/a> et de <a href=\"https:\/\/prepasecu.fr\/ssiap-1\/cas-pratique\/entrainement\/gratuit\/\" title=\"\">cas pratiques<\/a>, Prepasecu vous accompagne dans la pr\u00e9paration de l\u2019examen et vous aide \u00e0 assimiler le programme du SSIAP 1. Inscrivez-vous au coaching complet pour un entra\u00eenement intensif avec, \u00e0 la cl\u00e9, la concr\u00e9tisation de vos objectifs professionnels.<\/p>\n","protected":false},"excerpt":{"rendered":"<p>Le r\u00e9f\u00e9rentiel p\u00e9dagogique du&nbsp;SSIAP 1&nbsp;comporte 5 parties, toutes d\u00e9coup\u00e9es en s\u00e9quences dont voici le d\u00e9tail&nbsp;: Les diff\u00e9rentes parties du programme p\u00e9dagogique du SSIAP 1 Pour r\u00e9ussir l\u2019examen du SSIAP 1 et obtenir ainsi sa certification pour devenir agent de s\u00e9curit\u00e9 incendie, il est indispensable de ma\u00eetriser les connaissances et comp\u00e9tences du programme de la formation [&hellip;]<\/p>\n","protected":false},"author":1,"featured_media":0,"parent":0,"menu_order":0,"comment_status":"closed","ping_status":"closed","template":"","meta":{"_uag_custom_page_level_css":"","_genesis_hide_title":false,"_genesis_hide_breadcrumbs":false,"_genesis_hide_singular_image":false,"_genesis_hide_footer_widgets":false,"_genesis_custom_body_class":"","_genesis_custom_post_class":"","_genesis_layout":"","footnotes":""},"class_list":{"0":"post-357","1":"page","2":"type-page","3":"status-publish","5":"entry"},"aioseo_notices":[],"featured_image_src":null,"featured_image_src_square":null,"uagb_featured_image_src":{"full":false,"thumbnail":false,"medium":false,"medium_large":false,"large":false,"1536x1536":false,"2048x2048":false,"sidebar-featured":false,"genesis-singular-images":false,"gb-block-post-grid-landscape":false,"gb-block-post-grid-square":false,"yarpp-thumbnail":false},"uagb_author_info":{"display_name":"Matthis","author_link":"https:\/\/prepasecu.fr\/?author=1"},"uagb_comment_info":0,"uagb_excerpt":"Le r\u00e9f\u00e9rentiel p\u00e9dagogique du&nbsp;SSIAP 1&nbsp;comporte 5 parties, toutes d\u00e9coup\u00e9es en s\u00e9quences dont voici le d\u00e9tail&nbsp;: Les diff\u00e9rentes parties du programme p\u00e9dagogique du SSIAP 1 Pour r\u00e9ussir l\u2019examen du SSIAP 1 et obtenir ainsi sa certification pour devenir agent de s\u00e9curit\u00e9 incendie, il est indispensable de ma\u00eetriser les connaissances et comp\u00e9tences du programme de la formation\u2026","_links":{"self":[{"href":"https:\/\/prepasecu.fr\/index.php?rest_route=\/wp\/v2\/pages\/357"}],"collection":[{"href":"https:\/\/prepasecu.fr\/index.php?rest_route=\/wp\/v2\/pages"}],"about":[{"href":"https:\/\/prepasecu.fr\/index.php?rest_route=\/wp\/v2\/types\/page"}],"author":[{"embeddable":true,"href":"https:\/\/prepasecu.fr\/index.php?rest_route=\/wp\/v2\/users\/1"}],"replies":[{"embeddable":true,"href":"https:\/\/prepasecu.fr\/index.php?rest_route=%2Fwp%2Fv2%2Fcomments&post=357"}],"version-history":[{"count":0,"href":"https:\/\/prepasecu.fr\/index.php?rest_route=\/wp\/v2\/pages\/357\/revisions"}],"wp:attachment":[{"href":"https:\/\/prepasecu.fr\/index.php?rest_route=%2Fwp%2Fv2%2Fmedia&parent=357"}],"curies":[{"name":"wp","href":"https:\/\/api.w.org\/{rel}","templated":true}]}}