{"id":1322,"date":"2021-01-21T22:33:30","date_gmt":"2021-01-21T21:33:30","guid":{"rendered":"https:\/\/preprod.prepasecu.fr\/?page_id=1322"},"modified":"2023-07-04T15:44:37","modified_gmt":"2023-07-04T13:44:37","slug":"cours-du-tfp-aps-se-preparer-et-reviser","status":"publish","type":"page","link":"https:\/\/prepasecu.fr\/tfp-aps\/cours","title":{"rendered":"Cours du TFP APS en ligne : Se pr\u00e9parer et r\u00e9viser"},"content":{"rendered":"\n<h1 class=\"wp-block-heading\">Les cours TFP APS<\/h1>\n\n\n\n<p>Vous envisagez de passer l\u2019examen d\u2019agent de s\u00e9curit\u00e9&nbsp;? Vous devez dans ce cas opter pour la formation <a href=\"https:\/\/prepasecu.fr\/tfp-aps\/formation-initiale\/\" title=\"TFP APS Formation Agent de Pr\u00e9vention et de S\u00e9curit\u00e9\">TFP APS<\/a> (Titre \u00e0 Finalit\u00e9 Professionnelle Agent de Pr\u00e9vention et de S\u00e9curit\u00e9). Si vous optez pour cette formation de 140 heures, vous allez percevoir diff\u00e9rents modules UV, sujets \u00e0 un examen en fin de formation. L\u2019objectif est que vous obteniez la carte professionnelle obligatoire selon le livre VI de la s\u00e9curit\u00e9 priv\u00e9e, d\u00e9livr\u00e9e par le CNAPS.<\/p>\n\n\n\n<h2 class=\"wp-block-heading\">Comment faire pour obtenir le droit d\u2019aller en formation&nbsp;?<\/h2>\n\n\n\n<p>C\u2019est vous qui d\u00e9cidez des plages horaires qui vous int\u00e9ressent. Une fois que vous avez obtenu l\u2019agr\u00e9ment du CNAPS pour passer la formation, vous n\u2019avez cependant que 3 mois pour le passer. Vous devez aussi \u00eatre en mesure de lire et \u00e9crire.<\/p>\n\n\n\n<p>Vous pouvez passer cette formation en parall\u00e8le de votre travail actuel. Il est aussi possible de le passer lors d\u2019un contrat d\u2019apprentissage ou de professionnalisation, c&rsquo;est la raison du <a href=\"https:\/\/prepasecu.fr\/blog\/nouveau-en-2021-le-cqp-aps-devient-le-tfp-aps\/\" title=\"Nouveau en 2021 : le CQP APS devient le TFP APS\">changement du CQP APS vers le TFP APS<\/a>.<\/p>\n\n\n\n<h2 class=\"wp-block-heading\">Quels sont les contenus des cours TFP APS&nbsp;?<\/h2>\n\n\n\n<p>Le contenus des cours TFP APS regroupe diff\u00e9rents modules, \u00e0 savoir&nbsp;:<\/p>\n\n\n\n<ul class=\"wp-block-list\">\n<li>Secourisme<\/li>\n\n\n\n<li>Module juridique<\/li>\n\n\n\n<li>Module gestion des risques<\/li>\n\n\n\n<li>Module gestion des conflits<\/li>\n<\/ul>\n\n\n\n<p>En plus de ces 4 modules de formation, vous en avez 10 compl\u00e9mentaires&nbsp;:<\/p>\n\n\n\n<p>[METTRE ICI 10 MODULES COMPL\u00c9MENTAIRES DE FORMATION]<\/p>\n\n\n\n<p>Les cours TFP APS m\u00e9langent donc une approche th\u00e9orique et pratique, dans l\u2019objectif de r\u00e9ussir votre <a href=\"https:\/\/prepasecu.fr\/lexamen-du-tfp-aps-le-guide-complet\/\" title=\"L\u2019examen du TFP APS : Le guide complet\">examen TFP APS<\/a>. Vous \u00eates accompagn\u00e9 par diff\u00e9rents formateurs de la s\u00e9curit\u00e9 priv\u00e9e qui poss\u00e8dent une exp\u00e9rience d\u2019au moins 3 ans sur le terrain.<\/p>\n\n\n\n<h2 class=\"wp-block-heading\">Comment se d\u00e9roulent les cours&nbsp;?<\/h2>\n\n\n\n<p>Les cours TFP APS regroupent diff\u00e9rentes pratiques afin que vous vous pr\u00e9pariez en vue de l\u2019examen. Chaque module peut \u00eatre r\u00e9alis\u00e9 lors du suivi d\u2019un cours th\u00e9orique en salle de classe ou lors d\u2019exercices pratiques. Les formateurs v\u00e9rifient vos connaissances \u00e0 chaque formation et vous passez en plus des <a href=\"https:\/\/prepasecu.fr\/tfp-aps\/qcu\/entrainement\/gratuit\/\" title=\"Entra\u00eenez-vous et r\u00e9alisez des tests QCM TFP APS en ligne\">QCM<\/a>\/<a href=\"https:\/\/prepasecu.fr\/tfp-aps\/qcu\/entrainement\/gratuit\/\" title=\"\">QCU <\/a>avec t\u00e9l\u00e9commande, en vue de vous pr\u00e9parer \u00e0 l&rsquo;<a href=\"https:\/\/prepasecu.fr\/tfp-aps\/formation-initiale\/examen\/\" title=\"L\u2019examen du TFP APS : Le guide complet\">examen<\/a>.<\/p>\n","protected":false},"excerpt":{"rendered":"<p>Les cours TFP APS Vous envisagez de passer l\u2019examen d\u2019agent de s\u00e9curit\u00e9&nbsp;? Vous devez dans ce cas opter pour la formation TFP APS (Titre \u00e0 Finalit\u00e9 Professionnelle Agent de Pr\u00e9vention et de S\u00e9curit\u00e9). Si vous optez pour cette formation de 140 heures, vous allez percevoir diff\u00e9rents modules UV, sujets \u00e0 un examen en fin de [&hellip;]<\/p>\n","protected":false},"author":1,"featured_media":0,"parent":631,"menu_order":0,"comment_status":"closed","ping_status":"closed","template":"","meta":{"_uag_custom_page_level_css":"","_genesis_hide_title":false,"_genesis_hide_breadcrumbs":false,"_genesis_hide_singular_image":false,"_genesis_hide_footer_widgets":false,"_genesis_custom_body_class":"","_genesis_custom_post_class":"","_genesis_layout":"","footnotes":""},"class_list":{"0":"post-1322","1":"page","2":"type-page","3":"status-publish","5":"entry"},"aioseo_notices":[],"featured_image_src":null,"featured_image_src_square":null,"uagb_featured_image_src":{"full":false,"thumbnail":false,"medium":false,"medium_large":false,"large":false,"1536x1536":false,"2048x2048":false,"sidebar-featured":false,"genesis-singular-images":false,"gb-block-post-grid-landscape":false,"gb-block-post-grid-square":false,"yarpp-thumbnail":false},"uagb_author_info":{"display_name":"Matthis","author_link":"https:\/\/prepasecu.fr\/?author=1"},"uagb_comment_info":0,"uagb_excerpt":"Les cours TFP APS Vous envisagez de passer l\u2019examen d\u2019agent de s\u00e9curit\u00e9&nbsp;? Vous devez dans ce cas opter pour la formation TFP APS (Titre \u00e0 Finalit\u00e9 Professionnelle Agent de Pr\u00e9vention et de S\u00e9curit\u00e9). Si vous optez pour cette formation de 140 heures, vous allez percevoir diff\u00e9rents modules UV, sujets \u00e0 un examen en fin de\u2026","_links":{"self":[{"href":"https:\/\/prepasecu.fr\/index.php?rest_route=\/wp\/v2\/pages\/1322"}],"collection":[{"href":"https:\/\/prepasecu.fr\/index.php?rest_route=\/wp\/v2\/pages"}],"about":[{"href":"https:\/\/prepasecu.fr\/index.php?rest_route=\/wp\/v2\/types\/page"}],"author":[{"embeddable":true,"href":"https:\/\/prepasecu.fr\/index.php?rest_route=\/wp\/v2\/users\/1"}],"replies":[{"embeddable":true,"href":"https:\/\/prepasecu.fr\/index.php?rest_route=%2Fwp%2Fv2%2Fcomments&post=1322"}],"version-history":[{"count":0,"href":"https:\/\/prepasecu.fr\/index.php?rest_route=\/wp\/v2\/pages\/1322\/revisions"}],"up":[{"embeddable":true,"href":"https:\/\/prepasecu.fr\/index.php?rest_route=\/wp\/v2\/pages\/631"}],"wp:attachment":[{"href":"https:\/\/prepasecu.fr\/index.php?rest_route=%2Fwp%2Fv2%2Fmedia&parent=1322"}],"curies":[{"name":"wp","href":"https:\/\/api.w.org\/{rel}","templated":true}]}}