{"id":1246,"date":"2021-01-17T15:50:30","date_gmt":"2021-01-17T14:50:30","guid":{"rendered":"https:\/\/preprod.prepasecu.fr\/?page_id=1246"},"modified":"2023-07-03T14:19:14","modified_gmt":"2023-07-03T12:19:14","slug":"entrainez-vous-a-lepreuve-ecrite-du-ssiap-3-en-ligne","status":"publish","type":"page","link":"https:\/\/prepasecu.fr\/ssiap-3\/epreuve-ecrite\/entrainement\/gratuit","title":{"rendered":"Entra\u00eenez-vous \u00e0 l&rsquo;\u00e9preuve \u00e9crite du SSIAP 3 en ligne"},"content":{"rendered":"\n<h2 class=\"wp-block-heading\">L\u2019examen du SSIAP&nbsp;3<\/h2>\n\n\n\n<p>Le SSIAP&nbsp;3 vous permet de <strong>devenir chef de service de s\u00e9curit\u00e9 incendie<\/strong>. C\u2019est le dernier \u00e9chelon de la certification SSIAP (Service de S\u00e9curit\u00e9 Incendie et d\u2019Assistance \u00e0 Personnes) qui en comporte 3 au total. Pour <strong>obtenir le SSIAP&nbsp;3<\/strong>, il faut passer un examen compos\u00e9 de 3 \u00e9preuves diff\u00e9rentes&nbsp;:<\/p>\n\n\n\n<ul class=\"wp-block-list\">\n<li>Une \u00e9preuve de QCM de 40 questions portant sur l\u2019ensemble du programme p\u00e9dagogique SSIAP&nbsp;3. Vous disposez de 40 minutes pour remplir votre QCM. Pour vous entra\u00eener, retrouvez nos s\u00e9ries de QCM gratuites ici.<\/li>\n\n\n\n<li>Une \u00e9preuve \u00e9crite d\u2019une dur\u00e9e de 2&nbsp;h&nbsp;30. Cette \u00e9preuve est la plus longue de toutes les \u00e9preuves du SSIAP. Au cours de cette \u00e9preuve, vous devez r\u00e9diger une notice technique de s\u00e9curit\u00e9 \u00e0 partir de plans portant sur un regroupement d\u2019\u00e9tablissements non isol\u00e9s de premi\u00e8re ou de deuxi\u00e8me cat\u00e9gorie.<\/li>\n\n\n\n<li>Une \u00e9preuve orale sous la forme d\u2019un entretien de 15 minutes avec un jury qui vous interroge sur les diff\u00e9rents points du programme afin de tester votre niveau de connaissance.<\/li>\n<\/ul>\n\n\n\n<h2 class=\"wp-block-heading\">L\u2019\u00e9preuve \u00e9crite du SSIAP&nbsp;3<\/h2>\n\n\n\n<p>Gr\u00e2ce \u00e0 l\u2019\u00e9preuve \u00e9crite, le jury d\u2019examen \u00e9valuera votre aptitude \u00e0 r\u00e9diger une notice technique de s\u00e9curit\u00e9 lors d\u2019un am\u00e9nagement ou un r\u00e9am\u00e9nagement de locaux portant sur un groupement d\u2019\u00e9tablissements non isol\u00e9s de 1<sup>\u00e8re<\/sup> ou 2<sup>e<\/sup> cat\u00e9gorie. Attention, ce choix varie selon les d\u00e9partements.&nbsp;&nbsp;<\/p>\n\n\n\n<p>L\u2019\u00e9valuation porte sur les points suivants&nbsp;:<\/p>\n\n\n\n<ul class=\"wp-block-list\">\n<li>Pr\u00e9sentation g\u00e9n\u00e9rale du projet\u2009;<\/li>\n\n\n\n<li>Nature des travaux\u2009;<\/li>\n\n\n\n<li>Incidences administratives et techniques vis-\u00e0-vis de la commission de s\u00e9curit\u00e9\u2009;<\/li>\n\n\n\n<li>Notice descriptive comportant les \u00e9l\u00e9ments suivants&nbsp;: incidence \u00e9ventuelle sur le classement initial, am\u00e9nagements et mat\u00e9riaux utilis\u00e9s, renseignements concernant les d\u00e9gagements et renseignements relatifs aux nouveaux \u00e9quipements ou installations (SSI, d\u00e9senfumage, compartimentage, locaux \u00e0 risques, etc.)<\/li>\n<\/ul>\n\n\n\n<h2 class=\"wp-block-heading\">Entra\u00eenez-vous gratuitement \u00e0 l\u2019\u00e9preuve \u00e9crite du SSIAP&nbsp;3<\/h2>\n\n\n\n<p>Pour vous pr\u00e9parer sereinement \u00e0 l\u2019\u00e9preuve \u00e9crite et pour valider votre examen SSIAP&nbsp;3, Prepasecu vous propose un entra\u00eenement sans frais. Ces exercices gratuits ont \u00e9t\u00e9 \u00e9labor\u00e9s par des professionnels sp\u00e9cialistes de la s\u00e9curit\u00e9 incendie et sont en conformit\u00e9 avec l\u2019\u00e9preuve officielle. N\u2019h\u00e9sitez pas \u00e0 y avoir recours pour vous am\u00e9liorer et aborder ainsi cette \u00e9preuve en toute confiance.<\/p>\n\n\n\n<p>Vous pouvez \u00e9galement vous r\u00e9f\u00e9rer \u00e0 notre lexique en ligne afin de perfectionner votre ma\u00eetrise du vocabulaire de la s\u00e9curit\u00e9 incendie et de ses nombreuses abr\u00e9viations.<\/p>\n","protected":false},"excerpt":{"rendered":"<p>L\u2019examen du SSIAP&nbsp;3 Le SSIAP&nbsp;3 vous permet de devenir chef de service de s\u00e9curit\u00e9 incendie. C\u2019est le dernier \u00e9chelon de la certification SSIAP (Service de S\u00e9curit\u00e9 Incendie et d\u2019Assistance \u00e0 Personnes) qui en comporte 3 au total. Pour obtenir le SSIAP&nbsp;3, il faut passer un examen compos\u00e9 de 3 \u00e9preuves diff\u00e9rentes&nbsp;: L\u2019\u00e9preuve \u00e9crite du SSIAP&nbsp;3 [&hellip;]<\/p>\n","protected":false},"author":1,"featured_media":0,"parent":1145,"menu_order":0,"comment_status":"open","ping_status":"closed","template":"","meta":{"_uag_custom_page_level_css":"","_genesis_hide_title":false,"_genesis_hide_breadcrumbs":false,"_genesis_hide_singular_image":false,"_genesis_hide_footer_widgets":false,"_genesis_custom_body_class":"","_genesis_custom_post_class":"","_genesis_layout":"full-width-content","footnotes":""},"class_list":{"0":"post-1246","1":"page","2":"type-page","3":"status-publish","5":"entry"},"aioseo_notices":[],"featured_image_src":null,"featured_image_src_square":null,"uagb_featured_image_src":{"full":false,"thumbnail":false,"medium":false,"medium_large":false,"large":false,"1536x1536":false,"2048x2048":false,"sidebar-featured":false,"genesis-singular-images":false,"gb-block-post-grid-landscape":false,"gb-block-post-grid-square":false,"yarpp-thumbnail":false},"uagb_author_info":{"display_name":"Matthis","author_link":"https:\/\/prepasecu.fr\/?author=1"},"uagb_comment_info":0,"uagb_excerpt":"L\u2019examen du SSIAP&nbsp;3 Le SSIAP&nbsp;3 vous permet de devenir chef de service de s\u00e9curit\u00e9 incendie. C\u2019est le dernier \u00e9chelon de la certification SSIAP (Service de S\u00e9curit\u00e9 Incendie et d\u2019Assistance \u00e0 Personnes) qui en comporte 3 au total. Pour obtenir le SSIAP&nbsp;3, il faut passer un examen compos\u00e9 de 3 \u00e9preuves diff\u00e9rentes&nbsp;: L\u2019\u00e9preuve \u00e9crite du SSIAP&nbsp;3\u2026","_links":{"self":[{"href":"https:\/\/prepasecu.fr\/index.php?rest_route=\/wp\/v2\/pages\/1246"}],"collection":[{"href":"https:\/\/prepasecu.fr\/index.php?rest_route=\/wp\/v2\/pages"}],"about":[{"href":"https:\/\/prepasecu.fr\/index.php?rest_route=\/wp\/v2\/types\/page"}],"author":[{"embeddable":true,"href":"https:\/\/prepasecu.fr\/index.php?rest_route=\/wp\/v2\/users\/1"}],"replies":[{"embeddable":true,"href":"https:\/\/prepasecu.fr\/index.php?rest_route=%2Fwp%2Fv2%2Fcomments&post=1246"}],"version-history":[{"count":0,"href":"https:\/\/prepasecu.fr\/index.php?rest_route=\/wp\/v2\/pages\/1246\/revisions"}],"up":[{"embeddable":true,"href":"https:\/\/prepasecu.fr\/index.php?rest_route=\/wp\/v2\/pages\/1145"}],"wp:attachment":[{"href":"https:\/\/prepasecu.fr\/index.php?rest_route=%2Fwp%2Fv2%2Fmedia&parent=1246"}],"curies":[{"name":"wp","href":"https:\/\/api.w.org\/{rel}","templated":true}]}}